7?
22014303
In base 10, what is 1051 - 1469?
-418
In base 6, what is 0 - -3455225535?
3455225535
In base 2, what is 111001101110 - -111001110?
1000000111100
In base 6, what is 235313 - -1015?
240332
In base 14, what is 8b - -10204?
10291
In base 9, what is -36 - 1158050?
-1158086
In base 8, what is -51 - 1246566?
-1246637
In base 7, what is 13356 - -242446?
256135
In base 6, what is -301101 + 1213?
-255444
In base 9, what is -123066236 + -8?
-123066245
In base 11, what is 292417 + -643?
291884
In base 4, what is 1301110300130 + 11?
1301110300201
In base 12, what is -910aaa3 + 0?
-910aaa3
In base 16, what is c45d2d + -1?
c45d2c
In base 16, what is -11 + 2415e?
2414d
In base 7, what is -42 + 631546?
631504
In base 10, what is 1509793 + 742?
1510535
In base 10, what is 1919 - 28?
1891
In base 4, what is -111013302323121 - -1?
-111013302323120
In base 15, what is caa + -eebd?
-e213
In base 5, what is 1120132200 + 2?
1120132202
In base 12, what is -8659 + 20857?
141ba
In base 7, what is -22300 - 326243?
-351543
In base 13, what is -a + -263a46?
-263a53
In base 15, what is 3b88 + 172?
3d0a
In base 11, what is 312065 + -17?
312049
In base 6, what is -3 - -10232151253?
10232151250
In base 7, what is 6603656 - -5?
6603664
In base 9, what is -14013542 + 21?
-14013521
In base 5, what is -43101311 - 22?
-43101333
In base 5, what is -11110140 + 24323?
-11030312
In base 10, what is 47363084 + 1?
47363085
In base 9, what is 360885 + 32?
361027
In base 12, what is -1b2a7a6 + -13?
-1b2a7b9
In base 11, what is -269 - 17283?
-17541
In base 15, what is 5004 + -4727?
7cc
In base 11, what is -13402 + -47?
-13449
In base 9, what is 3 + -6810566?
-6810563
In base 2, what is -11000110000001000 - -110101111010?
-10111111010001110
In base 5, what is 31424413 + -11141?
31413222
In base 5, what is -4 + 24324020424?
24324020420
In base 2, what is -1001110111100101011 + -100101101?
-1001111000001011000
In base 4, what is 112321 - 102132?
10123
In base 9, what is 143860 - -70?
144040
In base 15, what is 86 - 56a5?
-561e
In base 13, what is 44 + 136934?
136978
In base 14, what is 0 + 2b2566b?
2b2566b
In base 5, what is -134433232112 + -10?
-134433232122
In base 5, what is 4112 - 1400420?
-1341303
In base 3, what is 2001121000012201 - 11?
2001121000012120
In base 11, what is -1211 - 71252?
-72463
In base 4, what is 220130 + -312012?
-31222
In base 10, what is 165 - -666446?
666611
In base 13, what is -4 + -5ab0c52?
-5ab0c56
In base 3, what is -201111 + 1102220122002?
1102212220121
In base 7, what is 12 + -3134614?
-3134602
In base 16, what is -1 - 27d9a1a?
-27d9a1b
In base 13, what is 10382cc5 + 2?
10382cc7
In base 2, what is 11011111111100000111 + 10?
11011111111100001001
In base 16, what is -24a - -19d65?
19b1b
In base 16, what is 10f8 - 1?
10f7
In base 16, what is -8260 + -17?
-8277
In base 16, what is 11f3 + 3b1?
15a4
In base 5, what is 13233 - 340311?
-322023
In base 6, what is 24344035 - -4?
24344043
In base 6, what is -1 + 140240004?
140240003
In base 11, what is 645403 - 4?
6453aa
In base 4, what is -11 + 331020210?
331020133
In base 13, what is 11 + -9a93723?
-9a93712
In base 4, what is -21 + 12010132102?
12010132021
In base 4, what is 13232202 - -1000?
13233202
In base 12, what is 5 - 217a97a4?
-217a979b
In base 12, what is -14 - -796a88?
796a74
In base 15, what is 2 - 1a99751?
-1a9974e
In base 10, what is 583396 - 14?
583382
In base 10, what is 662488727 - -5?
662488732
In base 9, what is 135661 - 134?
135526
In base 13, what is 44a9 - 809?
39a0
In base 12, what is 7738853 + -5?
773884a
In base 13, what is 0 - 825b47c?
-825b47c
In base 3, what is -101 - 101222112101?
-101222112202
In base 6, what is 4154105524 + -5?
4154105515
In base 3, what is -12211021012121 - 12?
-12211021012210
In base 12, what is 130398a + -4?
1303986
In base 14, what is 349772 - 12?
349760
In base 13, what is b587ba - 4?
b587b6
In base 5, what is -3 + -300232044?
-300232102
In base 12, what is 10614b1 + 26?
1061517
In base 9, what is 18477 + -84555?
-65067
In base 12, what is -2 - -25b6951?
25b694b
In base 8, what is 144715 - 11?
144704
In base 2, what is 1 - 10011101010101100110001011?
-10011101010101100110001010
In base 8, what is 202642 - -370?
203232
In base 3, what is -10101011 - 1012001112?
-1022102200
In base 4, what is -13003 + 333210313?
333131310
In base 4, what is -2232021 - -2011112?
-220303
In base 15, what is -3563054 + 2?
-3563052
In base 12, what is -21b36 - 24b?
-22185
In base 6, what is -514342 - -20020?
-454322
In base 2, what is 1010101000111110 + 100001000110?
1011001010000100
In base 9, what is 33845 - -447?
34403
In base 8, what is -125 - -470613?
470466
In base 6, what is 2212240 + -444?
2211352
In base 5, what is -2030 + -323243132?
-323300212
In base 6, what is 1522 + 22052230?
22054152
In base 9, what is -1168 + 2478?
1310
In base 3, what is 2000 + -110000010021?
-110000001021
In base 8, what is 3 + 11726003?
11726006
In base 14, what is -19c47c2 - 1?
-19c47c3
In base 7, what is -252 - -214640?
214355
In base 13, what is a2675 + 125?
a279a
In base 14, what is 2c0733 - 458?
2c02b9
In base 14, what is 2728007 - -2?
2728009
In base 11, what is -10a7480 + 3?
-10a7478
In base 6, what is -2340524 - 53315?
-2434243
In base 11, what is -344584 + -42?
-344616
In base 14, what is -21b270 + -3?
-21b273
In base 5, what is 1421421043 + 113?
1421421211
In base 11, what is 5a8 + -8167?
-766a
In base 13, what is -2857479 + -1b?
-2857497
In base 4, what is 103022223310221 - 0?
103022223310221
In base 9, what is 425164 - 1?
425163
In base 3, what is -1022022102000 - -2?
-1022022101221
In base 13, what is -169ba - -5b14?
-10ba6
In base 9, what is -3 + 230410765?
230410762
In base 15, what is -2e0a91 + -c?
-2e0a9d
In base 15, what is -185c40 + -2?
-185c42
In base 13, what is 26182 - 4?
2617b
In base 15, what is acb + -b593?
-a9b7
In base 14, what is -2916 - -6973?
405b
In base 14, what is 55 + -3c93d?
-3c8c8
In base 11, what is -2146147 - -167?
-2145a90
In base 16, what is -5 - 894584?
-894589
In base 14, what is -6 + -351c8d?
-351c95
In base 6, what is 243 - 3103340?
-3103053
In base 15, what is 17 + -173258?
-173241
In base 11, what is -22 - 121408?
-12142a
In base 16, what is 23ef0 - -8ad?
2479d
In base 9, what is 12 - -507085?
507107
In base 14, what is d - 3573023?
-3573014
In base 3, what is -11011022222021102 + -2?
-11011022222021111
In base 13, what is 9151586 - -4?
915158a
In base 9, what is -215514 + 280?
-215224
In base 5, what is 234322113421 - -2?
234322113423
In base 10, what is -499 + 257894?
257395
In base 15, what is -1c - -1c91221?
1c91204
In base 13, what is 0 - 3083725?
-3083725
In base 9, what is -3310437 - -113?
-3310324
In base 11, what is -13a6986a - -2?
-13a69868
In base 4, what is 133 + -131001010?
-131000211
In base 16, what is -6b6b582 + -1?
-6b6b583
In base 6, what is -23144201554 + 4?
-23144201550
In base 4, what is 3233302 + 210?
3300112
In base 9, what is 686 + 27828?
28625
In base 10, what is 2 - 657503?
-657501
In base 13, what is a + a6411cc?
a641209
In base 16, what is d08ff - 10?
d08ef
In base 14, what is 10c310b3 - 4?
10c310ad
In base 9, what is -4 - -10712885?
10712881
In base 16, what is 55dd77 - e?
55dd69
In base 8, what is -50440320 + -115?
-50440435
In base 4, what is 2312002201 + -1333?
2312000202
In base 4, what is -2 - -23022020133?
23022020131
In base 13, what is 2b2 + -60b07?
-60825
In base 14, what is 3 + -24b646?
-24b643
In base 15, what is -16e + -89023?
-89192
In base 13, what is -1 - 230ca0?
-230ca1
In base 10, what is -2 + -604882?
-604884
In base 12, what is -12901 - 52a?
-1322b
In base 4, what is -3122 + -103331033?
-110000221
In base 3, what is 2 + -222111210000122011?
-222111210000122002
In base 11, what is -138491 - -14?
-138478
In base 15, what is -445ab926 + 3?
-445ab923
In base 6, what is 23113 - -20203?
43320
In base 16, what is 5d69 - 1886?
44e3
In base 8, what is -13 + 473123474?
473123461
In base 12, what is -4 + 5a7b411?
5a7b409
In base 8, what is 54604032 - 20?
54604012
In base 6, what is 20124551 + -5152?
20115355
In base 13, what is -20c5 + -1321?
-3416
In base 10, what is 22 - -72432?
72454
In base 7, what is -45256 - -10?
-45246
In base 7, what is 3450 - -60063?
63543
In base 15, what is 0 + -8e45ed?
-8e45ed
I